{"id":65,"date":"2024-04-24T13:47:37","date_gmt":"2024-04-24T13:47:37","guid":{"rendered":"https:\/\/casadogonzalez.com\/?page_id=65"},"modified":"2025-02-12T08:51:22","modified_gmt":"2025-02-12T08:51:22","slug":"home","status":"publish","type":"page","link":"https:\/\/casadogonzalez.com\/","title":{"rendered":"Home"},"content":{"rendered":"\t\t<div data-elementor-type=\"wp-page\" data-elementor-id=\"65\" class=\"elementor elementor-65\" data-elementor-post-type=\"page\">\n\t\t\t\t<div class=\"elementor-element elementor-element-121cdbc e-flex e-con-boxed e-con e-parent\" data-id=\"121cdbc\" data-element_type=\"container\">\n\t\t\t\t\t<div class=\"e-con-inner\">\n\t\t\t\t<div class=\"elementor-element elementor-element-a2fac4b animated-slow elementor-invisible elementor-widget elementor-widget-heading\" data-id=\"a2fac4b\" data-element_type=\"widget\" data-settings=\"{&quot;_animation&quot;:&quot;fadeIn&quot;,&quot;_animation_delay&quot;:100}\" data-widget_type=\"heading.default\">\n\t\t\t\t<div class=\"elementor-widget-container\">\n\t\t\t<style>\/*! elementor - v3.23.0 - 05-08-2024 *\/\n.elementor-heading-title{padding:0;margin:0;line-height:1}.elementor-widget-heading .elementor-heading-title[class*=elementor-size-]>a{color:inherit;font-size:inherit;line-height:inherit}.elementor-widget-heading .elementor-heading-title.elementor-size-small{font-size:15px}.elementor-widget-heading .elementor-heading-title.elementor-size-medium{font-size:19px}.elementor-widget-heading .elementor-heading-title.elementor-size-large{font-size:29px}.elementor-widget-heading .elementor-heading-title.elementor-size-xl{font-size:39px}.elementor-widget-heading .elementor-heading-title.elementor-size-xxl{font-size:59px}<\/style><h2 class=\"elementor-heading-title elementor-size-default\">CASADO GONZ\u00c1LEZ S.L.<\/h2>\t\t<\/div>\n\t\t\t\t<\/div>\n\t\t\t\t\t<\/div>\n\t\t\t\t<\/div>\n\t\t\t\t<\/div>\n\t\t","protected":false},"excerpt":{"rendered":"<p>CASADO GONZ\u00c1LEZ S.L.<\/p>\n","protected":false},"author":2,"featured_media":11,"parent":0,"menu_order":0,"comment_status":"closed","ping_status":"closed","template":"elementor_header_footer","meta":{"footnotes":""},"class_list":["post-65","page","type-page","status-publish","has-post-thumbnail","hentry"],"yoast_head":"<!-- This site is optimized with the Yoast SEO plugin v23.2 - https:\/\/yoast.com\/wordpress\/plugins\/seo\/ -->\n<title>La newsletter que no necesitas | Casado Gonzalez S.L.<\/title>\n<meta name=\"description\" content=\"Casado Gonz\u00e1lez incluye art\u00edculos sobre temas como: gastronom\u00eda, arte, cultura, entretenimiento, tambi\u00e9n noticias, eventos y m\u00fasica.\" \/>\n<meta name=\"robots\" content=\"index, follow, max-snippet:-1, max-image-preview:large, max-video-preview:-1\" \/>\n<link rel=\"canonical\" href=\"https:\/\/casadogonzalez.com\/\" \/>\n<meta property=\"og:locale\" content=\"es_ES\" \/>\n<meta property=\"og:type\" content=\"article\" \/>\n<meta property=\"og:title\" content=\"La newsletter que no necesitas | Casado Gonzalez S.L.\" \/>\n<meta property=\"og:description\" content=\"Casado Gonz\u00e1lez incluye art\u00edculos sobre temas como: gastronom\u00eda, arte, cultura, entretenimiento, tambi\u00e9n noticias, eventos y m\u00fasica.\" \/>\n<meta property=\"og:url\" content=\"https:\/\/casadogonzalez.com\/\" \/>\n<meta property=\"og:site_name\" content=\"Casado Gonzalez S.L.\" \/>\n<meta property=\"article:modified_time\" content=\"2025-02-12T08:51:22+00:00\" \/>\n<meta property=\"og:image\" content=\"https:\/\/casadogonzalez.com\/wp-content\/uploads\/2024\/04\/Coming-soon_fondo-1024x651.png\" \/>\n\t<meta property=\"og:image:width\" content=\"1024\" \/>\n\t<meta property=\"og:image:height\" content=\"651\" \/>\n\t<meta property=\"og:image:type\" content=\"image\/png\" \/>\n<meta name=\"twitter:card\" content=\"summary_large_image\" \/>\n<meta name=\"twitter:label1\" content=\"Tiempo de lectura\" \/>\n\t<meta name=\"twitter:data1\" content=\"1 minuto\" \/>\n<script type=\"application\/ld+json\" class=\"yoast-schema-graph\">{\"@context\":\"https:\/\/schema.org\",\"@graph\":[{\"@type\":\"WebPage\",\"@id\":\"https:\/\/casadogonzalez.com\/\",\"url\":\"https:\/\/casadogonzalez.com\/\",\"name\":\"La newsletter que no necesitas | Casado Gonzalez S.L.\",\"isPartOf\":{\"@id\":\"https:\/\/casadogonzalez.com\/#website\"},\"primaryImageOfPage\":{\"@id\":\"https:\/\/casadogonzalez.com\/#primaryimage\"},\"image\":{\"@id\":\"https:\/\/casadogonzalez.com\/#primaryimage\"},\"thumbnailUrl\":\"https:\/\/casadogonzalez.com\/wp-content\/uploads\/2024\/04\/Coming-soon_fondo.png\",\"datePublished\":\"2024-04-24T13:47:37+00:00\",\"dateModified\":\"2025-02-12T08:51:22+00:00\",\"description\":\"Casado Gonz\u00e1lez incluye art\u00edculos sobre temas como: gastronom\u00eda, arte, cultura, entretenimiento, tambi\u00e9n noticias, eventos y m\u00fasica.\",\"breadcrumb\":{\"@id\":\"https:\/\/casadogonzalez.com\/#breadcrumb\"},\"inLanguage\":\"es\",\"potentialAction\":[{\"@type\":\"ReadAction\",\"target\":[\"https:\/\/casadogonzalez.com\/\"]}]},{\"@type\":\"ImageObject\",\"inLanguage\":\"es\",\"@id\":\"https:\/\/casadogonzalez.com\/#primaryimage\",\"url\":\"https:\/\/casadogonzalez.com\/wp-content\/uploads\/2024\/04\/Coming-soon_fondo.png\",\"contentUrl\":\"https:\/\/casadogonzalez.com\/wp-content\/uploads\/2024\/04\/Coming-soon_fondo.png\",\"width\":2359,\"height\":1499,\"caption\":\"fondo coming soon\"},{\"@type\":\"BreadcrumbList\",\"@id\":\"https:\/\/casadogonzalez.com\/#breadcrumb\",\"itemListElement\":[{\"@type\":\"ListItem\",\"position\":1,\"name\":\"Portada\",\"item\":\"https:\/\/casadogonzalez.com\/\"},{\"@type\":\"ListItem\",\"position\":2,\"name\":\"Home\"}]},{\"@type\":\"WebSite\",\"@id\":\"https:\/\/casadogonzalez.com\/#website\",\"url\":\"https:\/\/casadogonzalez.com\/\",\"name\":\"Casado Gonzalez S.L.\",\"description\":\"La newsletter que no necesitas\",\"potentialAction\":[{\"@type\":\"SearchAction\",\"target\":{\"@type\":\"EntryPoint\",\"urlTemplate\":\"https:\/\/casadogonzalez.com\/?s={search_term_string}\"},\"query-input\":\"required name=search_term_string\"}],\"inLanguage\":\"es\"}]}<\/script>\n<!-- \/ Yoast SEO plugin. -->","yoast_head_json":{"title":"La newsletter que no necesitas | Casado Gonzalez S.L.","description":"Casado Gonz\u00e1lez incluye art\u00edculos sobre temas como: gastronom\u00eda, arte, cultura, entretenimiento, tambi\u00e9n noticias, eventos y m\u00fasica.","robots":{"index":"index","follow":"follow","max-snippet":"max-snippet:-1","max-image-preview":"max-image-preview:large","max-video-preview":"max-video-preview:-1"},"canonical":"https:\/\/casadogonzalez.com\/","og_locale":"es_ES","og_type":"article","og_title":"La newsletter que no necesitas | Casado Gonzalez S.L.","og_description":"Casado Gonz\u00e1lez incluye art\u00edculos sobre temas como: gastronom\u00eda, arte, cultura, entretenimiento, tambi\u00e9n noticias, eventos y m\u00fasica.","og_url":"https:\/\/casadogonzalez.com\/","og_site_name":"Casado Gonzalez S.L.","article_modified_time":"2025-02-12T08:51:22+00:00","og_image":[{"width":1024,"height":651,"url":"https:\/\/casadogonzalez.com\/wp-content\/uploads\/2024\/04\/Coming-soon_fondo-1024x651.png","type":"image\/png"}],"twitter_card":"summary_large_image","twitter_misc":{"Tiempo de lectura":"1 minuto"},"schema":{"@context":"https:\/\/schema.org","@graph":[{"@type":"WebPage","@id":"https:\/\/casadogonzalez.com\/","url":"https:\/\/casadogonzalez.com\/","name":"La newsletter que no necesitas | Casado Gonzalez S.L.","isPartOf":{"@id":"https:\/\/casadogonzalez.com\/#website"},"primaryImageOfPage":{"@id":"https:\/\/casadogonzalez.com\/#primaryimage"},"image":{"@id":"https:\/\/casadogonzalez.com\/#primaryimage"},"thumbnailUrl":"https:\/\/casadogonzalez.com\/wp-content\/uploads\/2024\/04\/Coming-soon_fondo.png","datePublished":"2024-04-24T13:47:37+00:00","dateModified":"2025-02-12T08:51:22+00:00","description":"Casado Gonz\u00e1lez incluye art\u00edculos sobre temas como: gastronom\u00eda, arte, cultura, entretenimiento, tambi\u00e9n noticias, eventos y m\u00fasica.","breadcrumb":{"@id":"https:\/\/casadogonzalez.com\/#breadcrumb"},"inLanguage":"es","potentialAction":[{"@type":"ReadAction","target":["https:\/\/casadogonzalez.com\/"]}]},{"@type":"ImageObject","inLanguage":"es","@id":"https:\/\/casadogonzalez.com\/#primaryimage","url":"https:\/\/casadogonzalez.com\/wp-content\/uploads\/2024\/04\/Coming-soon_fondo.png","contentUrl":"https:\/\/casadogonzalez.com\/wp-content\/uploads\/2024\/04\/Coming-soon_fondo.png","width":2359,"height":1499,"caption":"fondo coming soon"},{"@type":"BreadcrumbList","@id":"https:\/\/casadogonzalez.com\/#breadcrumb","itemListElement":[{"@type":"ListItem","position":1,"name":"Portada","item":"https:\/\/casadogonzalez.com\/"},{"@type":"ListItem","position":2,"name":"Home"}]},{"@type":"WebSite","@id":"https:\/\/casadogonzalez.com\/#website","url":"https:\/\/casadogonzalez.com\/","name":"Casado Gonzalez S.L.","description":"La newsletter que no necesitas","potentialAction":[{"@type":"SearchAction","target":{"@type":"EntryPoint","urlTemplate":"https:\/\/casadogonzalez.com\/?s={search_term_string}"},"query-input":"required name=search_term_string"}],"inLanguage":"es"}]}},"_links":{"self":[{"href":"https:\/\/casadogonzalez.com\/index.php?rest_route=\/wp\/v2\/pages\/65","targetHints":{"allow":["GET"]}}],"collection":[{"href":"https:\/\/casadogonzalez.com\/index.php?rest_route=\/wp\/v2\/pages"}],"about":[{"href":"https:\/\/casadogonzalez.com\/index.php?rest_route=\/wp\/v2\/types\/page"}],"author":[{"embeddable":true,"href":"https:\/\/casadogonzalez.com\/index.php?rest_route=\/wp\/v2\/users\/2"}],"replies":[{"embeddable":true,"href":"https:\/\/casadogonzalez.com\/index.php?rest_route=%2Fwp%2Fv2%2Fcomments&post=65"}],"version-history":[{"count":31,"href":"https:\/\/casadogonzalez.com\/index.php?rest_route=\/wp\/v2\/pages\/65\/revisions"}],"predecessor-version":[{"id":211,"href":"https:\/\/casadogonzalez.com\/index.php?rest_route=\/wp\/v2\/pages\/65\/revisions\/211"}],"wp:featuredmedia":[{"embeddable":true,"href":"https:\/\/casadogonzalez.com\/index.php?rest_route=\/wp\/v2\/media\/11"}],"wp:attachment":[{"href":"https:\/\/casadogonzalez.com\/index.php?rest_route=%2Fwp%2Fv2%2Fmedia&parent=65"}],"curies":[{"name":"wp","href":"https:\/\/api.w.org\/{rel}","templated":true}]}}